3. Determine v(-7).
11
Let q(u) = u**3 + u**2 + u - 4. Give q(0).
-4
Let r(s) = -s**2 - 19*s + 27. What is r(-19)?
27
Let w(h) = -106*h**3 - h**2 + 2*h - 1. What is w(1)?
-106
Let j(m) = -m**3 - 3*m**2 + 3*m - 3. Calculate j(-4).
1
Let j(q) = -q**2 - 18*q + 14. What is j(-8)?
94
Let t(h) = -2*h**3 + 25*h**2 - 11*h - 15. Calculate t(12).
-3
Let v(p) = -p**3 - 11*p**2 + 12*p + 18. Give v(-12).
18
Let d(u) = 2*u**2 + 42. Give d(0).
42
Let v(a) = -a**3 + 10*a**2 - 8*a + 4. What is v(9)?
13
Let s(q) = q**3 + 3*q**2 - 13*q - 9. Calculate s(-5).
6
Let x(b) = b + 13. What is x(-3)?
10
Let b(s) = s**3 - 3*s**2 - 2*s + 3. Give b(4).
11
Let m(w) = -2*w**3 + 11*w**2 - 10*w + 25. Calculate m(5).
0
Let v(t) = t**2 - 7*t + 3. Determine v(3).
-9
Let b(v) = v**3 + 3*v**2 + 3*v - 1. Calculate b(-3).
-10
Let v(i) = i**2 + 5. Calculate v(0).
5
Let h(a) = 32*a + 3. Calculate h(-1).
-29
Let o(v) = -7*v - 2. What is o(-3)?
19
Let u(t) = -t**2 + 1. Determine u(3).
-8
Let p(y) = y**3 + y**2 - y + 7. Calculate p(-3).
-8
Let g(v) = -v. What is g(-5)?
5
Let p(y) = -y**3 - y**2 + 10. Calculate p(0).
10
Let a(l) = l + 22. Determine a(5).
27
Let w(m) = -m**3 - 6*m**2 - 4*m - 3. What is w(-5)?
-8
Let u(n) = n**2 - n - 42. Determine u(0).
-42
Let m(f) = -f**2 - 23*f - 131. Give m(-9).
-5
Let c(z) = -z**3 - 16*z**2 + 38*z + 19. Determine c(-18).
-17
Let g(f) = f**2 + 2*f + 22. What is g(0)?
22
Let c(a) = -a**2 - 10*a + 5. Determine c(-9).
14
Let k(z) = -12*z + 266. Calculate k(23).
-10
Let n(x) = -x**3 - 5*x**2 + 7*x + 11. Give n(-5).
-24
Let w(y) = -6*y - 104. Calculate w(-19).
10
Let k(c) = -c**2 - 31*c - 31. Give k(-30).
-1
Let d(z) = 8*z - 11. Determine d(3).
13
Let u(g) = -g**3 + 13*g**2 - 12*g - 3. Determine u(12).
-3
Let s(y) = -5*y + 69. Determine s(18).
-21
Let s(n) = -4*n**3 - 38*n**2 + 20*n + 1. Give s(-10).
1
Let l(y) = -y**3 - 12*y**2 + 13*y - 1. Determine l(-13).
-1
Let b(z) = z**3 + 4*z**2 + 2*z + 2. Give b(-3).
5
Let h(u) = -u**3 - 11*u**2 - 3*u - 43. Calculate h(-11).
-10
Let m(n) = -55*n + 1. Determine m(-1).
56
Let u(j) = j**3 - 4*j**2 - 4*j - 1. Give u(6).
47
Let v(j) = 2*j**3 - 4*j**2 + 4*j - 2. Give v(2).
6
Let q(m) = -2*m + 13. Give q(9).
-5
Let i(o) = o + 21. Determine i(-4).
17
Let v(s) = s**2 + 6*s - 15. Calculate v(-9).
12
Let r(n) = 2*n**2 - n + 1. Determine r(1).
2
Let b(k) = k**2 - 4*k - 27. Give b(7).
-6
Let f(r) = -r**2 + 15*r + 37. Give f(16).
21
Let v(s) = 81*s + 408. Determine v(-5).
3
Let i(z) = -z**3 + 6*z**2 - 6*z - 1. What is i(5)?
-6
Let k(v) = -7*v - 151. Calculate k(-22).
3
Let j(a) = 3*a + 3. Give j(1).
6
Let h(s) = 19*s - 263. Calculate h(14).
3
Let p(j) = -j**2 + 10*j + 73. Give p(13).
34
Let r(l) = -l**2 - 3*l - 5. Give r(-7).
-33
Let p(b) = -b**2 - 4*b + 25. Calculate p(-8).
-7
Let l(x) = 5*x**2 + 2*x - 5. Give l(0).
-5
Let i(w) = w**3 - 2*w**2 - 29*w + 33. Determine i(6).
3
Let c(z) = z**3 + 6*z**2 - 17*z - 38. Give c(-8).
-30
Let z(x) = -8*x - 11. Calculate z(5).
-51
Let q(o) = o**3 - 33*o**2 + 32*o - 1. Give q(32).
-1
Let g(u) = -u**2 - u - 2. Determine g(0).
-2
Let b(t) = t**3 - 10*t**2 + 2*t - 22. What is b(10)?
-2
Let s(g) = -12*g - 107. Calculate s(-7).
-23
Let r(y) = 121*y - 3. What is r(0)?
-3
Let u(k) = k**3 + 18*k**2 - 2*k - 30. Give u(-18).
6
Let f(w) = w**3 - 23*w**2 + 48*w - 578. Determine f(22).
-6
Let d(q) = -q**3 + 16*q**2 - 31*q + 16. Calculate d(14).
-26
Let w(u) = u**3 - 6*u**2 + 3*u - 6. What is w(4)?
-26
Let u(s) = -s**3 + 16*s**2 + 35*s - 4. Calculate u(18).
-22
Let t(l) = l**2 + 5*l + 1. Determine t(-2).
-5
Let q(f) = -12*f + 206. Determine q(17).
2
Let n(l) = 2*l**3 - 6*l**2 + 3*l - 1. Determine n(5).
114
Let x(p) = 3*p**3 + 11*p**2 - 11*p - 34. Determine x(-4).
-6
Let b(n) = -9*n - 7. What is b(-7)?
56
Let n(c) = 20*c - 3. What is n(2)?
37
Let k(h) = 8*h + 8. Calculate k(6).
56
Let d(w) = w**3 - 4*w**2 + 4*w - 3. Give d(2).
-3
Let n(p) = p**3 - 13*p**2 + 13*p - 18. Determine n(12).
-6
Let z(a) = 4*a**2 + 5*a - 4. Calculate z(3).
47
Let j(y) = -14*y + 5. What is j(4)?
-51
Let k(u) = 2*u**2 - 20*u - 40. Give k(-2).
8
Let z(u) = -2*u**3 + 7*u**2 + 2. Give z(4).
-14
Let o(t) = t**3 - 4*t**2 - 12*t - 4. Determine o(6).
-4
Let h(r) = -r**2 + 8*r + 32. Determine h(11).
-1
Let k(l) = l - 30. Determine k(15).
-15
Let q(b) = b**2 + 7*b + 5. Give q(-3).
-7
Let y(x) = -17*x**2 + x - 1. What is y(1)?
-17
Let f(t) = -41*t**2 + 2*t + 3. Determine f(-2).
-165
Let v(q) = q - 18. Give v(8).
-10
Let p(y) = 2*y**2 + 7*y - 4. What is p(-5)?
11
Let c(d) = d**2 - 45*d + 337. Give c(9).
13
Let j(m) = -m**3 + 4*m**2 + 23*m - 7. What is j(7)?
7
Let m(y) = 10*y - 39. What is m(-6)?
-99
Let z(l) = 2*l - 9. Give z(7).
5
Let v(r) = r**2 - 12*r + 6. Calculate v(11).
-5
Let c(z) = 2*z - 26. Determine c(11).
-4
Let m(t) = 7*t - 72. Calculate m(19).
61
Let g(u) = u**2 - 25*u + 89. Give g(4).
5
Let k(a) = a**3 + 6*a**2 - 4*a - 15. Determine k(-5).
30
Let w(y) = -2*y + 8. Give w(7).
-6
Let g(f) = -3*f**2 + 4*f + 8. What is g(-3)?
-31
Let j(v) = 6*v - 18. Give j(-7).
-60
Let a(u) = 16*u + 100. Calculate a(-6).
4
Let j(c) = c**3 + 6*c**2 - 11*c - 15. Give j(-7).
13
Let t(z) = z**3 + 9*z**2 - 2*z + 9. What is t(-9)?
27
Let b(j) = -15*j - 722. Calculate b(-48).
-2
Let b(z) = -3*z**3 + 17*z**2 - 5*z + 11. Give b(6).
-55
Let g(k) = 2*k**3 + 24*k**2 + 36*k - 8. What is g(-10)?
32
Let n(k) = -10*k + 45. Give n(4).
5
Let l(y) = -y**3 + 8*y**2 - y + 4. Give l(8).
-4
Let x(h) = h**3 + 15*h**2 - 30*h. Determine x(-17).
-68
Let g(a) = a**2 - 4*a - 3. Determine g(-4).
29
Let u(b) = -18*b + 97. Determine u(6).
-11
Let h(p) = -p**2 - p - 4. Determine h(4).
-24
Let l(d) = 2*d - 1. What is l(4)?
7
Let g(q) = -q + 11. Determine g(-5).
16
Let s(q) = -2*q**2 - 64*q - 37. Calculate s(-31).
25
Let h(k) = k - 28. Give h(13).
-15
Let u(p) = -p + 12. Determine u(6).
6
Let u(x) = -x**2 - 8*x + 5. Calculate u(-8).
5
Let b(u) = u - 5. Calculate b(5).
0
Let l(j) = 9*j. Give l(-2).
-18
Let r(f) = f**3 + 9*f**2 - 10*f. Determine r(-10).
0
Let g(n) = 5*n**2 + 4*n + 3. Give g(-3).
36
Let x(d) = -57*d**2 + 3*d + 2. Determine x(-1).
-58
Let j(z) = z**3 + 5*z**2 - 7*z. Calculate j(-6).
6
Let w(u) = u**3 - 34*u**2 + 66*u - 72. Calculate w(32).
-8
Let u(o) = -o**2 - 69*o + 611. Determine u(8).
-5
Let x(m) = m**3 + 2*m**2 + 7*m + 5. Calculate x(-5).
-105
Let u(q) = -q**3 + q**2 + 6*q + 8. Determine u(-2).
8
Let r(w) = -w**2 - 9*w + 4. Calculate r(-7).
18
Let m(r) = -r**2 + 8*r - 10. What is m(5)?
5
Let v(x) = x**2 + 8*x - 1. Give v(-4).
-17
Let q(v) = v**2 - 18*v + 23. Determine q(15).
-22
Let y(s) = s**2 + 16*s - 14. Determine y(-17).
3
Let j(w) = w + 21. Determine j(-10).
11
Let h(c) = 3*c - 10. What is h(5)?
5
Let u(f) = f**3 + 9*f**2 - 12*f + 2. Calculate u(-9).
110
Let r(w) = -w**3 + 5*w**2 + 9*w - 18. Give r(6).
0
Let d(i) = -170*i - 163. What is d(-1)?
7
Let j(n) = n - 52. Give j(11).
-41
Let d(r) = r**3 + 13*r**2 - 20*r - 16. Calculate d(-14).
68
Let b(t) = t**3 + 10*t**2 + 2*t + 21. Calculate b(-10).
1
Let b(s) = 18*s - 1. Give b(-2).
-37
Let t(d) = -d + 47. Give t(0).
47
Let i(b) = -3*b - 10. Calculate i(8).
-34
Let s(f) = -52*f - 202. Determine s(-4).
6
Let y(m) = m**2 - 5*m + 5. Calculate y(7).
19
Let g(t) = 2*t**3 + 10*t**2 - 11*t - 5. Give g(-6).
-11
Let u(d) = -2*d**2 - 20*d - 5. Give u(-10).
-5
Let g(x) = 6*x + 152. Determine g(-24).
8
Let m(d) = 12*d - 65. Give m(7).
19
Let a(u) = u**2 + 4*u + 2. Give a(-3).
-1
Let b(n) = 31*n - 316. Give b(10).
-6
Let b(p) = p**2 + 8*p - 9. What is b(-8)?
-9
Let h(s) = s**2 + 9*s + 22. Calculate h(-4).
2
Let w(o) = o**3 - 11*o**2 + 20*o + 10. Give w(9).
28
Let l(w) = 11*w + 2. Calculate l(3).
35
Let y(a) = -a**3 - a - 22. Determine y(0).
-22
Let p(d) = 8*d - 27. Determine p(4).
5
Let m(s) = -s**2 + 16*s - 31. Calculate m(10).
29
Let z(j) = -16*j + 45. Calculate z(10).
-115
Let t(j) = j + 4. What is t(-3)?
1
Let a(b) = -8*b. Give a(0).
0
Let c(i) = 6*i + 9. Determine c(-8).
-39
Let g(s) = -2*s**3 - s**2 + 20*s - 25. Give g(2).
-5
Let m(q) = -q**2 - q + 2. Determine m(2).
-4
Let i(n) = -n**2 - 4*n - 1. Determine i(-7).
-22
Let l(t) = -3*t - 15. Determine l(-4).
-3
Let n(q) = 13*q + 1. Determine n(3).
40
Let y(j) = -j**3 - 7*j**2 + 7*j - 2. Calculate y(-8).
6
Let b(t) = -t**3 + 3*t**2 + 5*t - 16. What is b(3)?
-1
Let z(q) = 5*